 + 136. What is the remainder when t is divided by 13?
10
Suppose 8*g - 721 = 31. What is the remainder when g is divided by 7?
3
Let h = -61 + 99. Calculate the remainder when 103 is divided by h.
27
Suppose 3*n + 50 = a - 0*a, 3*a = 2*n + 143. What is the remainder when a is divided by -1 + (-4)/(12/(-39))?
11
Suppose 0 = -2*y - 0*y + 4. Suppose -y*s - 12 = -94. Let f(x) = x + 8. Calculate the remainder when s is divided by f(6).
13
Let v(x) = x + 4. Let i be v(-4). Suppose i*h - 5 = -h. What is the remainder when (6/(-15))/(2/10) - -21 is divided by h?
4
Let z(y) = y**3 + 8*y**2 - 16*y - 36. What is the remainder when z(-8) is divided by 273/9 + (-4)/(-6)?
30
Let n(v) = -2*v + 6 + 0 + 1. Calculate the remainder when 9 is divided by n(2).
0
Let n = -4 + -5. Calculate the remainder when 2 + -3 + 2 - n is divided by 3.
1
Let r(z) = -10*z - 70. Calculate the remainder when r(-12) is divided by 30.
20
Let i(c) = -c**2 + 10*c - 12. Let v be i(8). Suppose -8*x + v*x = -268. Let j = 94 - x. Calculate the remainder when j is divided by 10.
7
What is the remainder when (4360/(-18))/(-2) + (-1)/9 is divided by 32?
25
Suppose 3*t - 5*t - 36 = 0. Let j = -4 - t. Suppose -18 + 60 = 3*r - d, r = -d + j. Calculate the remainder when 39 is divided by r.
11
Let z = 463 + -282. Let l = z + -100. Calculate the remainder when l is divided by 42.
39
Suppose -24*h + 17*h + 14 = 0. Suppose -8*n + h*n = -150. What is the remainder when n is divided by 10?
5
Let c(x) = -x + 7. Let t be c(3). What is the remainder when 39 is divided by 3 + (-4)/t - -5?
4
Let c(y) = 22*y**2 - 2*y. Let z be c(-1). Let r = z - 10. Calculate the remainder when (-2)/(-6) + 366/9 is divided by r.
13
Let o = -16 - -22. Suppose -o*y + 10 = -2. Suppose -174 = -5*c + 4*n, y*c - 3*c - 2*n + 46 = 0. Calculate the remainder when c is divided by 10.
8
Let j(i) = 4*i + 5. Suppose 6*o = 10*o - 160. What is the remainder when o is divided by j(4)?
19
Let h = -28 - -46. Suppose -3*y - o = 19, -3*y - 17 = -0*y - o. What is the remainder when h is divided by 7/(-2)*(4 + y)?
4
Calculate the remainder when 110 is divided by (-64)/(-192) + 232/6.
32
Suppose 9*i + 8*i - 48 = 20. Suppose 0*q = -3*q. Let x(f) = f**3 + f**2 + 17. What is the remainder when x(q) is divided by i?
1
Let i = -959 + 970. What is the remainder when i is divided by (0 + -2)*7/(-2)?
4
Let d(a) = -7*a + 13. Let x(t) = 14*t - 25. Let r(f) = 5*d(f) + 3*x(f). Calculate the remainder when 32 is divided by r(3).
10
Let v(c) = 7*c - 2*c + 15 - 6*c. Let r be 0 - (-5 + -1*2). Calculate the remainder when 30 is divided by v(r).
6
Suppose 1089 = 6*o + 543. Calculate the remainder when o is divided by 44.
3
Suppose 45 = 3*y - 9. What is the remainder when 105 is divided by y?
15
Suppose 172*t - 90 = 163*t. Let j(u) = -u**3 - 5*u**2 + 5*u - 4. Let p be j(-6). Let k = 17 + p. Calculate the remainder when k is divided by t.
9
Let v be 5/(-3) - 5/15. Let l = 0 - v. Suppose 2*n + l*c = 52, 0*n - c = -3*n + 98. Calculate the remainder when n is divided by 11.
9
Suppose -28*o + 104 = -24*o. Calculate the remainder when 203 is divided by o.
21
Let u = -20 - -28. Suppose -3*m - 4*t = -22 + u, 2*m = 5*t - 6. Suppose -24 = -a + 4*j, -m = -j - 6. What is the remainder when a is divided by 5?
3
Suppose 3*d = 2*k + 9, 3 = -d - 5*k + 6. Suppose -d*o - o = -28. Suppose -11*f - 3*x = -7*f - 123, -2*x = f - 27. What is the remainder when f is divided by o?
5
Let c = 41 - 39. Calculate the remainder when c/((-4)/780*-5) is divided by 16.
14
Let b be -3 + 12/(-16)*-4. Suppose 2*p = -3*a + 115, b*a = -4*p - 3*a + 233. Calculate the remainder when p is divided by 21.
17
Let d(y) = -2*y + 29. What is the remainder when d(3) is divided by 8?
7
Suppose 0 = 22*u - 9*u - 78. Calculate the remainder when 11 is divided by u.
5
Let u = 8 - -66. What is the remainder when u is divided by 19?
17
Let x = -6 - -13. Suppose -3*w = -x*w + 2292. Calculate the remainder when 83 is divided by w/27 - 2/9.
20
Let a = -5 - -18. Suppose 4*b - 3*h + 3 = 0, b + 3*h - 25 = -7. Suppose -3*o = n - 37, -5 - 69 = -2*n + b*o. What is the remainder when n is divided by a?
11
Suppose 477 = 3*x - 4*p, -2*p - 311 = -3*x + 166. Calculate the remainder when x is divided by 23.
21
Let m = 94 - -45. Calculate the remainder when m is divided by (32 - (3 + -2)) + -3.
27
Suppose 0 = -7*v + 61 - 12. Calculate the remainder when 74 is divided by v.
4
Let z be (-1 - -1)*(3 - 2). Suppose -2*p + 2 = -z. Suppose -10 = -2*g - 2*h, -3*g = -g + 5*h - p. Calculate the remainder when 15 is divided by g.
7
Let h = -6 - -12. Let p(u) = u**3 + 11*u**2 + 6*u - 9. Let a be p(-10). Let n = -22 + a. Calculate the remainder when n is divided by h.
3
Let l(x) be the third derivative of -x**4/6 + 11*x**3/3 + 46*x**2. What is the remainder when 327 is divided by l(0)?
19
Suppose -135 = -6*k - 3. Suppose -v + 2*s = -k, -v + 5*v - 98 = -2*s. What is the remainder when 165 is divided by v?
21
Suppose -5*u + 54 = 299. Calculate the remainder when (-15 - u) + -1*2 is divided by 7.
4
Suppose 3*z = 6*z - 42. Let c = z + 0. Suppose -4*d + 4 = -3*d. Calculate the remainder when c is divided by d.
2
Let p(j) = j**3 + 6*j**2 + 11. Suppose 2*o - 5*o - 18 = 0. What is the remainder when p(o) is divided by 3?
2
Suppose 3*d - o - 41 = 64, 3*d - 3*o = 99. Suppose -d = -5*s + 214. What is the remainder when s is divided by 14?
8
Suppose 4*i - i = 15, 2*m - 424 = -2*i. Suppose 62 = s - 4*j - j, -s - 4*j + 26 = 0. Calculate the remainder when m is divided by s.
39
Let a(f) be the third derivative of f**6/120 + f**5/30 - f**4/8 - f**3/2 - f**2. Calculate the remainder when (-28)/(-22)*429/78 is divided by a(-2).
1
Let c be (-12)/(-9)*330/4. Suppose -3*l - 28 = 3*f - 103, -4*f + c = 2*l. What is the remainder when f is divided by 16?
14
Let p = -57 + 52. Let a(y) be the first derivative of -y**2 - 1. Calculate the remainder when 27 is divided by a(p).
7
Suppose t + o = 6*o - 33, 2*t - 2*o = -50. Let h be 0/1 - (t + 9). Suppose 3*a = 10 + h. Calculate the remainder when 14 is divided by a.
6
Suppose 0 = -m + 3*m - 22. Let q = 95 - 5. Suppose 0 = -3*p - 3*r + q, -143 = -4*p - 2*r - 25. Calculate the remainder when p is divided by m.
7
Let r = -54 + 72. Let a = 4 + r. Calculate the remainder when 62 is divided by a.
18
Suppose 286*l - 293*l + 84 = 0. Calculate the remainder when 25 is divided by l.
1
Suppose 0 = 2*u + 3*y - 72, -4*u + 0*y + 144 = -5*y. Calculate the remainder when 319 is divided by u.
31
Suppose 0 = 7*z - 159 - 30. Calculate the remainder when 129 is divided by z.
21
Let v(b) = -3*b + 2. Let s(i) = 2*i**2 + 11*i + 11. Let m be s(-5). Calculate the remainder when m/(-9) - (-325)/15 is divided by v(-2).
5
Let h(j) = j**2 + j + 14. Let a be h(0). Suppose n - a = -2. Calculate the remainder when (3 + -4 - -1) + 23 is divided by n.
11
Let w be 4/14 - 156/(-42). Suppose 3*y + 2*y = -2*p + 47, 4*p = w*y - 60. Calculate the remainder when y is divided by 3.
2
Let r(u) = -2*u + 13. Let j(v) be the second derivative of -v**3/6 + 29*v**2/2 - 10*v. Calculate the remainder when r(-6) is divided by j(15).
11
Let t(h) = -h**2 + 10*h - 7. Suppose -16 = -4*x - 4*m + 20, m = x - 5. What is the remainder when 25 is divided by t(x)?
11
Let l = 195 - 175. Calculate the remainder when 91 is divided by l.
11
Suppose -60*q + 2153 + 5227 = 0. What is the remainder when q is divided by 69?
54
Let o(a) = -a**2 - 16*a - 4. Let c be o(-15). Suppose 16 + 193 = c*s. Calculate the remainder when 93 is divided by s.
17
Suppose 243*g - 237*g = 1206. Calculate the remainder when g is divided by 111.
90
Suppose -37*m + 1930 = -1289. What is the remainder when 685 is divided by m?
76
Let j(w) = -w - 8. Let r be j(-13). Suppose r*l - 3 = 3*a - 16, -a + 5*l + 11 = 0. Let y = 53 + -49. What is the remainder when y is divided by a?
0
Suppose 0 = 4*z - 337 - 71. Calculate the remainder when z is divided by ((-4)/6)/((-13)/507).
24
Let h = -91 - -93. Let t(z) = 4*z - 4. Let v be t(5). Suppose h*m + v = 50. What is the remainder when m is divided by 10?
7
Suppose -25 = 5*f, 5*j + 234 = 4*f + 4189. What is the remainder when j is divided by 79?
76
Let s = 91 + -61. Suppose 2*c - p - 3*p - 292 = 0, -730 = -5*c + 4*p. Let l = c - 57. Calculate the remainder when l is divided b